 2*c = -y + 49, -6*y + 3*c + 129 = -3*y. What is the greatest common factor of t and y?
45
Let a(x) = x + 4. Let t(h) = h + 5. Let u(i) = -2*a(i) + 3*t(i). Let g be u(-5). Let m be (5/4)/((-4)/(-16)). Calculate the greatest common factor of m and g.
1
Let z(i) = i**2 - 3*i + 3. Let l be z(3). Let a = 17 - 14. Let j be (14 + a + l)/2. What is the highest common divisor of j and 90?
10
Let i(j) = -3*j - 1. Let o be i(-1). Suppose 3*n = 4*v - o, 2*n + v = 3*v + 2. Calculate the highest common divisor of n and 54.
6
Let d = -106 - -566. Suppose 3*s - d = -31. Suppose -2*y = -0*y - 26. Calculate the highest common divisor of s and y.
13
Let n be (2/(-4))/((-3)/102). Let w(f) = 6*f**2 - f + 8. Let a be w(4). Suppose -a = -4*v + 36. Calculate the greatest common divisor of n and v.
17
Suppose 5*i - 3*i - 4*t + 20 = 0, i - 4*t + 20 = 0. Suppose i = 3*z - 15, -5*f + 3*z + 455 = -2*z. What is the highest common factor of 32 and f?
32
Let n be 1*29/(261/360). Calculate the highest common factor of 16 and n.
8
Suppose 4*w = 68 + 104. Calculate the greatest common divisor of w and 387.
43
Suppose 3*h - 69 = -5*a + 38, 4*a - 70 = -2*h. Let o be 0 + 276 + -9 + 6. What is the highest common divisor of o and h?
39
Let g(f) = -9*f**2 + 5*f - 3. Let a be g(-3). Let w = a - -156. Suppose -4*s + 148 = 2*d, 2*d = -d - 6. Calculate the greatest common divisor of s and w.
19
Let j(t) = 133*t - 7. Let y be j(1). What is the greatest common divisor of y and 36?
18
Suppose 3*n = -16*n + 969. What is the highest common factor of n and 17?
17
Let t(l) = 5*l - 57. Let a be t(24). What is the highest common divisor of a and 21?
21
Let k = 1 - -13. Let l = -1280 - -1308. What is the greatest common divisor of k and l?
14
Let a(p) be the third derivative of -p**6/120 - p**5/20 + p**4/12 + 2*p**3/3 + 9*p**2. Let t be a(-4). Calculate the greatest common factor of 24 and t.
12
Let g = 245 - 227. Calculate the highest common factor of g and 138.
6
Let w = -1439 - -1846. Calculate the greatest common factor of w and 11.
11
Suppose -5*n + 11 = -u, 0 = -3*u - 3 - 0. Suppose 172 = 3*i + 4*d, -n*d + 7*d = -3*i + 167. What is the greatest common divisor of 8 and i?
8
Suppose -7*o = -48 + 6. Suppose -2*u + 0*u + o = 0. Calculate the greatest common divisor of 12 and u.
3
Let g be (-94)/(-4) - (-2)/4. Let h(k) = -k**3 - 3*k**2 + 6*k - 12. Let o be h(-5). What is the greatest common factor of g and o?
8
Let g(a) = 11*a**2 - 10*a - 105. Let r be g(-7). Calculate the greatest common factor of r and 18.
18
Let n be 70/7 - (-4 + 1). Suppose -9*k = -n*k + 880. Calculate the greatest common factor of 20 and k.
20
Let t(i) = 9*i - 213. Let h be t(26). What is the greatest common divisor of h and 14?
7
Suppose 35*v - 26 = 36*v. Let c(u) = -u**2 - 37*u - 62. Let y be c(v). Calculate the greatest common divisor of 14 and y.
14
Suppose -11*b = -23 - 131. Calculate the greatest common factor of b and 518.
14
Suppose 5*c - 6 - 4 = 0. Let v(o) = -2*o + 4. Let s be v(-3). What is the greatest common divisor of s and c?
2
Let o = 16 + -12. Let i = o - -7. Suppose -i = -h - 1. What is the greatest common factor of 80 and h?
10
Let t = -144 + 774. What is the greatest common factor of t and 63?
63
Let n = -187 + 1155. Calculate the greatest common divisor of 8 and n.
8
Let c be (3/(-5))/((-2)/10) + 199. Calculate the greatest common divisor of c and 303.
101
Let a = -230 + 248. Let p(l) = 6*l**2 - 3*l - 1. Let d be p(4). Let b = d - a. What is the greatest common factor of 13 and b?
13
Suppose -2*c = z - 165, 5*z + 2*c - 3*c = 858. What is the greatest common factor of 19 and z?
19
Let y(o) = o**3 - 32*o**2 + 40*o - 277. Let g be y(31). What is the highest common factor of 6 and g?
2
Let i(p) = 15*p - 3. Let j be (-9)/(-2 + 0 - -1). Let k be i(j). Calculate the highest common divisor of 12 and k.
12
Suppose 9*b + 1455 = 14*b. What is the greatest common divisor of 194 and b?
97
Suppose 3*s = m - 50, -4*m + 6*m + 2*s - 60 = 0. Calculate the greatest common divisor of 20 and m.
5
Let g be (-2)/6*1 + 976/48. Let h be 318/15 - (64/g - 3). Calculate the greatest common divisor of 14 and h.
7
Let p(i) = i**2 - 36. Let r be p(6). Suppose -2*h - 25 + 55 = r. Calculate the highest common divisor of h and 30.
15
Let s be 2 + 39/(-15) - (-2330)/50. What is the highest common factor of 2 and s?
2
Suppose -3*d - 5*u + 505 = 0, -5*d + u + 34 = -761. What is the highest common divisor of d and 16?
16
Let n be 2 + -2 + (43 - -2). Let c be 144/n - (-2)/(-10). Suppose 3*v - 4*h = -2*h + 384, c*v - 381 = h. Calculate the highest common factor of 14 and v.
14
Let j(i) = -i**3 - 16*i**2 - 3*i - 13. Suppose 0*m - 63 = 4*l + m, -2*l - 4*m - 28 = 0. Let o be j(l). What is the greatest common divisor of 5 and o?
5
Let h = -1 + 4. Suppose -3*a + 5*u = -94, -36 = -a + 7*u - h*u. Let l be -1*(-3)/(12/a). What is the highest common divisor of l and 56?
7
Suppose -14*s = -17*s - 5*l + 387, -387 = -3*s + 4*l. What is the highest common divisor of s and 3?
3
Let b(x) = -x**2 + 5*x - 6. Let j be b(2). Let c(i) = i**2 - 6*i + 4. Let v be c(j). What is the highest common divisor of v and 48?
4
Let f(k) be the second derivative of k**4/6 - 3*k**2/2 - 2*k. Let u be f(-3). Calculate the greatest common divisor of u and 6.
3
Let r be (4 - (-2 + 6)) + -3. Let d be r/7 - 780/(-7). Let g = d + -26. Calculate the highest common factor of g and 34.
17
Suppose 2 + 11 = 5*k + 3*y, k - y - 1 = 0. Let f be (-3)/(-2)*2 + 130 + k. Let p = 83 + -56. What is the highest common divisor of p and f?
27
Suppose -50*y + 3 = -53*y, y = -3*t + 665. What is the highest common divisor of 148 and t?
74
Suppose -5*v - 462 = -2*q, 5*q + 146 = v + 1301. Let y = -98 - -119. What is the highest common divisor of y and q?
21
Let t be (3/4)/(2/104). Let h = 470 + -457. What is the highest common divisor of h and t?
13
Let o(h) = -3*h**3 + 3*h**2 + h + 15. Let d be o(-3). Calculate the greatest common factor of d and 48.
24
Suppose -o - 20 + 24 = 0. Suppose 13 = -o*k + 53. What is the greatest common divisor of 30 and k?
10
Suppose 5*l + 2 = 7*l. Let q be l*344/4 + 4. What is the greatest common factor of q and 225?
45
Let h = 25 - 25. Suppose 0*x + x - 5 = h. Suppose 18 = x*o + 2*r - 6*r, 0 = -5*o - 5*r. Calculate the highest common factor of 6 and o.
2
Let o be 3*(-1 - (-10)/6). Let z = -454 - -693. Suppose 15 = -16*l + z. What is the highest common factor of o and l?
2
Suppose 33 = 5*d - 12. Let v be (-1)/((-6)/81)*4/6. Calculate the greatest common divisor of d and v.
9
Suppose -6*d = 5*o - 5*d - 5407, d = 2. What is the highest common factor of 47 and o?
47
Let a = 718 - 713. Calculate the greatest common factor of 205 and a.
5
Let r be ((-9)/((-162)/(-192)))/(4*(-7)/84). Let x = -4 - -6. Suppose x*m + 3*m - 40 = 0. Calculate the greatest common divisor of m and r.
8
Let o be (2 - 78/4)*-2. Let z(s) = s**2 - 5*s - 19. Let h be ((-96)/(-30))/((-2)/(-5)). Let f be z(h). Calculate the highest common factor of f and o.
5
Suppose 0 = -169*s + 161*s + 1512. What is the highest common divisor of 81 and s?
27
Let u = -145 + 67. Let d be 1/2 + u/(-4). Calculate the greatest common factor of d and 30.
10
Let v(u) = -u**2 + 7*u - 3. Let m be v(6). Let x be (1 - -4)*6/10. Suppose -t = 4*t + 4*r - 49, 4*t - 33 = x*r. What is the highest common divisor of t and m?
3
Let v = 59 + -36. Suppose 0 = v*l - 25*l + 40. What is the greatest common factor of l and 50?
10
Let x = 21 + -19. Suppose x = -2*r - 4. Let t = 1 - r. What is the highest common divisor of 28 and t?
4
Suppose -3*z = -4*x - 206, 2*x = 2*z - 188 + 54. Calculate the highest common divisor of 465 and z.
31
Suppose 20*l = 4*l + 1072. Let k = 70 - l. What is the greatest common factor of k and 27?
3
Suppose -94 - 77 = -3*r. Let p = -81 + r. Let g be p/(-4)*(-1)/(-3). What is the highest common divisor of 18 and g?
2
Let u(m) = 224*m - 28. Let t be u(10). Calculate the greatest common divisor of t and 28.
28
Let g be (-4)/(-24) + (-436)/24. Let a = g - -18. Suppose -5*q = -m - a*q + 29, 0 = -2*m + 2*q + 18. What is the greatest common factor of 20 and m?
4
Suppose 0 = 8*a + 5*a - 52. Suppose -3*l + a*k + 52 = -2*l, -k = -3*l + 101. What is the highest common divisor of 128 and l?
32
Suppose -2*b + 704 = 2*b. Let r be 3/2